17*t**2 - 12*t - 13. Let p be r(16). Let s be 2 - 1*p/(-3). Suppose 109 - s = 9*i. Calculate the remainder when 24 is divided by i.
4
Let c = 1986 - 1313. What is the remainder when c is divided by 328?
17
Let o = 1881 - 977. Suppose 6*y - o = -322. Suppose -5*v - 37 + y = 0. What is the remainder when 154 is divided by v?
10
Let r = 216 + -114. Let c = -89 + r. What is the remainder when 95 is divided by (-628)/(-26) - 2/c?
23
Suppose -5*k - 25 = -3*q - 1, 5*q - 4*k - 27 = 0. Suppose q - 6 = r. What is the remainder when r + 2 - (-12 - -1) is divided by 3?
1
Suppose -38*h - 3612 = -45*h. Let c = h - 514. What is the remainder when c is divided by 1?
0
Suppose 29 = y - 75. Let u = -572 - -583. What is the remainder when y is divided by u?
5
Let s(l) = l**3 - 6*l**2 + 26*l - 7. Let g be s(-9). Calculate the remainder when 65 is divided by -4 - (-36)/10 - g/40.
29
Let z(k) = k + 24. Let n be z(-10). What is the remainder when 30 - 0 - (5 + -4) is divided by -6*(21/n)/(1/(-2))?
11
Let c = -9591 - -9624. What is the remainder when 4220 is divided by c?
29
Let r be -12 - -21 - 1*3. Let o = 3 + 5. Calculate the remainder when 9 + r + (-8)/(-2) is divided by o.
3
What is the remainder when ((-120)/(-12) + -9)/(-2 + (-6354)/(-3176)) is divided by 43?
40
Calculate the remainder when 251 is divided by 20/(-15 + 16)*4.
11
Suppose 214*v - 505 = 212*v + 3*s, 0 = -4*v - 3*s + 1001. What is the remainder when v is divided by 10?
1
Let n(t) be the third derivative of -t**6/120 + 7*t**5/20 + 23*t**4/24 - 2*t**3 + 91*t**2. Calculate the remainder when 19 is divided by n(22).
9
Suppose -3*s + 4*c - 1312 = -8*s, -3*s - 4*c = -792. What is the remainder when s is divided by 27?
17
Let l = 981 + -260. Suppose 74*c - 67*c - l = 0. Calculate the remainder when c is divided by 11.
4
Suppose -h = -1, 0 = 3*b + h - 20 - 218. What is the remainder when b is divided by (-52)/(-10) + -5 - ((-658)/35 + 1)?
7
Suppose -3*k - 21 = -66. Suppose 0 = 19*u - k*u - 196. Suppose 4*t = 5*m - 37 + 7, -3*m = -5*t - 5. Calculate the remainder when u is divided by m.
9
Suppose 9*t = 15*t - 96. Let b = -110 - -173. Calculate the remainder when b is divided by (156/t)/(18/24).
11
Let p(m) = -3*m**3 - 11*m**2 - 8*m - 13. Calculate the remainder when 153 is divided by p(-4).
13
Suppose z = 5*f - 64 - 27, 0 = -3*f - 2*z + 52. Suppose -2145 = -56*k + 4090 + 3733. What is the remainder when k is divided by f?
16
Let a(h) = 24*h - 1. Let w be (-1364)/(-8) - (4 + 14/(-4)). Let o = 182 - w. What is the remainder when a(3) is divided by o?
11
Let n = 25326 + -25096. Calculate the remainder when 811 is divided by n.
121
Let t(n) be the first derivative of -n**2 + 85*n + 93. What is the remainder when t(-29) is divided by 16?
15
Calculate the remainder when 675 is divided by ((-33635)/50 - (5 + 47/(-10)))*-1.
2
Let x(j) = -610*j - 10279. Let v = 155 - 77. What is the remainder when x(-18) is divided by v?
77
Let r(u) = u**3 + 18*u**2 + 4*u + 77. Let x be r(-18). Suppose -12*l + 13*l = -x*h + 1234, 972 = 4*h - 3*l. Calculate the remainder when h is divided by 18.
12
Let q be 3 + 4 - (12 - 181). Suppose -s + 8 + 19 = -5*v, 4*s - 3*v = q. Calculate the remainder when 155 is divided by s.
14
Let n = 4607 - 2416. What is the remainder when n is divided by 56?
7
Suppose -2*k = -m + 12 - 56, -4*k + 4*m = -92. Let r be 6*4/12 + -13. Calculate the remainder when (-2 - r)/(6/40) + 0 is divided by k.
18
Suppose v - f - f - 12 = 0, 0 = 2*f + 8. Let y(u) = 84*u - 311. Let k(x) = x**3 + x**2 - x + 97. What is the remainder when k(0) is divided by y(v)?
22
Suppose 0 = -g - 4*s + 126, -742*g - 3*s - 393 = -745*g. Suppose 3*f - 2*f = -3*u + 200, 5*u + 3*f = 332. Calculate the remainder when g is divided by u.
63
Let g be 2/13 - (33/(-13))/3. Calculate the remainder when 1040/(1 - -4) + g - 1 is divided by 30.
28
Suppose 21*w - 42*w = -2646. What is the remainder when 659 is divided by w?
29
Suppose 21*n + 4*n + 75 = 375. Let v = -93 + 139. Let k = -23 + v. Calculate the remainder when k is divided by n.
11
Let o = -42 - -45. Suppose -5*t + 40 + 60 = 0. Suppose -3*b = -v - 4*b + 1, -4*b = -4*v + t. Calculate the remainder when v is divided by o.
0
Let g = 82 + -67. Suppose d - 52 = -5*u, 0 = 5*u + 5*d - g - 45. Suppose -u*q + 315 = -5*q. Calculate the remainder when q is divided by 13.
11
Let f = 16 + 102. Let u = 142 - f. Suppose u*z = 29*z - 145. Calculate the remainder when 142 is divided by z.
26
Let v = 522 - 386. Let i = v - 95. Calculate the remainder when i is divided by 15.
11
Let g = -335 - -418. Let c(v) = -3*v - 15. Let t be c(-6). Suppose -3*q - 15 = -6*q, -t*z - 4*q + 83 = 0. Calculate the remainder when g is divided by z.
20
Let y = -42639 - -70770. What is the remainder when y is divided by 54?
51
Calculate the remainder when (-6)/(-81) - (-547624)/594 is divided by 77.
75
Let q = -5007 + 5385. Calculate the remainder when 952 is divided by q.
196
Let j = 6544 - 6522. What is the remainder when 9/(-15) - 4944/(-15) is divided by j?
21
Let y = 28 - 20. Suppose 2 + 64 = 3*x. Let r = x - y. What is the remainder when r is divided by 4?
2
Let q = 2 + 7. What is the remainder when (52 + -35)*(40/15 + 3/9) is divided by q?
6
Let v be (6/(-14))/(-1) + 2470/35. Let z(j) = j**2 + 6*j. Let k be z(-6). Suppose 5*f - 6*f + v = k. Calculate the remainder when f is divided by 21.
8
Let u(y) = -y**3 + 5*y**2 + 11. Let g be u(5). Suppose g - 15 = -v. Suppose -4*h - 3*f = -98, -h + 3*f + 36 = v. What is the remainder when h is divided by 9?
8
Let f be 9 + 2 + -11 + 828. Let c = f + -755. What is the remainder when c is divided by 19?
16
Suppose 4*k = 2*c + 35554, 43*k - 4*c + 44423 = 48*k. Calculate the remainder when k is divided by 114.
109
Suppose 2*x + x + 6 = 0. Let b(l) be the third derivative of l**6/120 + l**5/30 - l**4/24 + l**3/3 + 17*l**2. Calculate the remainder when 7 is divided by b(x).
3
Let c(l) = 8*l**2 + 23*l - 82. Suppose 2*h + 12 = r, 2*r = 6*h - h + 28. Calculate the remainder when c(r) is divided by 35.
33
Let r(j) = -j**3 + 17*j**2 - 54*j + 183. What is the remainder when 261 is divided by r(14)?
6
Let l = -137 + 137. Suppose l = -9*z - 521 + 1358. What is the remainder when z is divided by 49?
44
Let v = 2472 - 2227. Calculate the remainder when v is divided by 106.
33
Calculate the remainder when (16 - (-754)/(-52))/((-6)/(-1568)) is divided by 12.
8
Let m(d) be the second derivative of -5*d**4/12 - 14*d**3/3 - 10*d. What is the remainder when 35 is divided by m(-5)?
5
Let x(j) = 3*j**2 + 2*j - 2. Let t be x(6). Let v = t - 105. Let s(y) = y + 18. Calculate the remainder when 60 is divided by s(v).
29
Let d be 69/12 - 12/16. Let q = -9 + d. Calculate the remainder when (q + -1)/((-4)/24) is divided by 16.
14
Suppose 19701 = 4*g + 3*r, r + 50365 = 9*g + 6030. What is the remainder when g is divided by 14?
12
Suppose 3*o + 19 = -3*i + 58, -4*i + 25 = o. Let n(g) = 11 - 12*g + g**2 + g**2 + 2. Calculate the remainder when n(o) is divided by 14.
11
Suppose -4*c + s + 68 = -s, -2*s = -5*c + 85. Suppose -4*u = -2*u - 2*x - 166, 0 = -4*u - 3*x + 311. Calculate the remainder when u is divided by c.
12
Let v = -621 - -443. What is the remainder when (16/(-4))/(-4)*v/(-2) is divided by 18?
17
Let r = 5999 - 2700. Calculate the remainder when r is divided by 13.
10
Let t be (-8)/(-12) - 39/(-9). Suppose t = -y + 2*y. What is the remainder when (0 + 3 - 1) + 17 is divided by y?
4
Calculate the remainder when 586 is divided by (861/12)/(17/68).
12
Let o = 420 - 139. Suppose -2*i - 3*f + o = 0, 7*i + 3*f - 414 = 4*i. Calculate the remainder when i is divided by 47.
39
Suppose -4 = z - 3*z - 2*n, 0 = -3*n - 3. Let p be (105/(-12))/(3/((-36)/z)). Calculate the remainder when (-14)/(-2)*(405/p - 3) is divided by 21.
18
Let q = 23117 - 19832. What is the remainder when q is divided by 61?
52
Suppose -c + 8*r = 5*r - 530, 4*c + 4*r - 2056 = 0. What is the remainder when c is divided by 11?
1
Let w(f) = -6*f**2 - 412*f + 148. Calculate the remainder when 407 is divided by w(-69).
7
Let n = 928 + -418. Let c = n - 507. Calculate the remainder when 139 is divided by c.
1
Let n = 1495 - 830. What is the remainder when n is divided by 28?
21
Suppose 3*w = 5*u - 185, 0 = -w - 2*w + 3*u - 177. Let b = -48 - w. Let 